.
27
Let z(u) be the first derivative of -u**4/4 + 2*u**3 - 3*u**2 + 5*u + 496. What is z(5)?
0
Suppose 20 = -3*j - 13. Let m = j + 11. Let k(r) = 0 - 2 + 1 - 2*r - 7*r**2 + m. Determine k(-1).
-6
Let a(x) be the second derivative of x**3/3 - 2*x**2 + 3*x. Let b be a(4). Suppose -12 = b*s - s. Let j(o) = o**3 + 4*o**2 + 2*o + 6. Calculate j(s).
-2
Let w(r) = -13*r**2 + 3. Let a(u) = -170*u**2 + 40. Let q(h) = -3*a(h) + 40*w(h). Give q(1).
-10
Let b(s) be the second derivative of -s**8/6720 + s**7/630 + s**6/144 - s**5/30 - s**4/3 + 7*s. Let t(y) be the third derivative of b(y). Determine t(5).
-4
Let a(l) = -9*l**2 + l + 4 + 2 - 2 + 3*l**3 + 6*l - 2*l**3. Let t = -1 + 9. What is a(t)?
-4
Suppose g - 3 = -0*g. Suppose -9*x + g = -10*x. Let u be 5*((-27)/(-15) + x). Let s(j) = j**3 + 5*j**2 - 8*j - 5. What is s(u)?
7
Let w be (-52)/10 - 7/(-35). Let y be ((-10)/15)/(w/3 - -1). Let z(k) = 15*k - 1. What is z(y)?
14
Let n = -837 + 841. Let d(w) = w**3 - 4*w**2 + 6*w. Give d(n).
24
Let d(j) = 189 + 169 - 360 + 6*j. Determine d(1).
4
Let o(q) = -q**2 + 7*q - 1. Suppose 0 = 5*m - x + 35, -m - 7 = -3*x - x. Let k(r) = 3*r**2 - 21*r + 4. Let f(w) = m*o(w) - 2*k(w). What is f(6)?
-7
Let u be -4 - -1 - 80/(-20). Let o be u/3 - 4/3. Let z(n) = -2*n**2 - 2*n - 1 + 0*n**2 + 0*n**2. What is z(o)?
-1
Suppose -3*p - 16 = p. Let j(y) = 5*y**2 + y - 1. Let z(d) = 6*d**2 - 2. Let r(k) = p*z(k) + 5*j(k). What is r(-4)?
-1
Let i(j) = -j - 6. Let z(h) = -h**2 - 5*h + 10. Let o be z(-4). Suppose -2*y + 3 = 1, 4*x + 2*y = -o. Determine i(x).
-2
Let z(d) be the second derivative of d**3/3 + 12*d. Determine z(1).
2
Suppose -14 = -4*q + 2*a, 4*a - 2*a = -3*q + 14. Suppose -q*o = -56 + 8. Suppose -3*u + 5*u = -o. Let w(h) = -h**3 - 5*h**2 + 5*h - 5. Give w(u).
1
Let k(f) be the third derivative of -f**8/6720 + f**7/420 + f**6/90 + f**5/60 - 47*f**4/24 - 13*f**2. Let h(n) be the second derivative of k(n). Calculate h(7).
9
Suppose -12 + 0 = -4*k. Let j(f) = -1 + 6 - 263*f**2 + 260*f**2 - 6*f + f**k. Calculate j(4).
-3
Let q(n) = -n**3 - 6*n**2 - 4*n - 7. Let i = 31 + -30. Suppose 0 = -4*m + 11 - 35. Let o be i*(-1 - (-2 - m)). Calculate q(o).
-12
Suppose -52 = -25*v + 48. Let m(x) be the first derivative of -x**4/12 - x**2/2 + 3. Let i(c) be the second derivative of m(c). What is i(v)?
-8
Suppose 2*c = 10*c - 16. Let i be c/(1/(-6) + (-7)/14). Let q(z) = -6*z**2 + 16*z - 5. Let t(d) = -d**2 + 3*d - 1. Let o(r) = 2*q(r) - 11*t(r). Give o(i).
-5
Let y(j) = -j**2 - 9*j - 3. Suppose -10 = -2*d - 2. Suppose d*o = 3*o - 8. Give y(o).
5
Let y(g) = g**2 - 7*g + 5. Let x(c) = -c**2 - 7*c + 66. Let q be x(-12). Determine y(q).
-1
Let s(n) = 17*n + 4*n - 18 + 28 - 19. Let q(f) = -7*f + 3. Let y(k) = -11*q(k) - 4*s(k). What is y(2)?
-11
Let u be 48/(-21)*(-224)/64. Let t(q) = -2*q + 6. Give t(u).
-10
Let h(u) = -u - 3. Suppose 2*z - 4*g + 2 = 0, z = -2*z - g + 11. Suppose -n = 2*n + p + 22, -12 = 4*n - z*p. Determine h(n).
3
Let k(f) = -14 + 13 + 4 + 6 + f. Let d(o) = -5*o + 16. Let w(c) = 4*c - 15. Let s(t) = -5*d(t) - 6*w(t). Let p(x) = 6*k(x) - 5*s(x). What is p(-2)?
2
Let o = -60 + 57. Let w(f) = -f**3 + 3*f + 0*f - 4*f - 1 - 3*f**2. Calculate w(o).
2
Let w(c) = c**2 + 5*c. Suppose -11*u - 18 = -14*u. Suppose -3*t = -u, -2*g - 4*t + 20 = 2*g. Suppose 0 = -v - g*m - 12, -3*m - 27 = 3*v - 3. Calculate w(v).
6
Let o(k) = -k**2 - 6*k + 10. Let u be (-2 + 4)/(-2) + -7. Let t be u/5*(-100)/8. Let l = 13 - t. What is o(l)?
3
Let b(s) = -s**2 + s + 1. Let i be b(-2). Suppose c + 0*c = 5. Let h(u) = u**3 - 6 + 3 + c + u + 4 + 5*u**2. Calculate h(i).
1
Let v(u) = 0*u**2 - 3*u**2 - 1 + 6*u**2. Let t be v(-1). Let g(m) = 3*m**3 + m**2 - 6*m**2 + 2*m**2 - t*m**3 + 3. Give g(3).
3
Suppose q - 9 = c, -2*c = -2*q + 3*c + 33. Let m(k) = -16 + 13 + 4*k - 8*k**2 + 2*k**3 - k**3 + q*k**2. Suppose 4*x + 0*l - 4*l = 0, -4*x + 18 = 5*l. Give m(x).
-3
Suppose 100 = 4*q + 72. Let y(x) = x**2 - 8*x + 9. Calculate y(q).
2
Let l(a) = 12*a - 14*a + 7 + 3. Calculate l(5).
0
Let j(n) = -5*n**2 + 5*n + 1. Let v(u) = 4*u**2 - 4*u. Let d(s) = -5*j(s) - 6*v(s). Suppose 4*i - 14 = 3*q, 4*i - 11 = -3*q + 15. Calculate d(i).
15
Let o(f) be the first derivative of f**2 + 12*f - 76. Calculate o(-9).
-6
Let q(g) = -3 - 2 + 4*g + g + g**2. Let y = -26 + 33. Suppose 4*k + 16 = -4*s, -2*k + y*k = 2*s - 34. What is q(k)?
1
Let s(p) = 2*p**2 + 16*p**2 - 10*p + 14 - 19*p**2. Give s(-11).
3
Let m = 3265 + -3272. Let u(o) = -o - 1. Calculate u(m).
6
Let c(z) be the first derivative of z**4/4 + 4*z**3/3 - z**2/2 - 369. Give c(-5).
-20
Let m(v) = -v**3 + 8*v**2 - 8*v + 3. Let h = -69 - -74. Determine m(h).
38
Suppose -5*r - 63 = -6*x + 2*x, -4*r + 3*x - 50 = 0. Let k be 12 - 2 - r/(55/(-20)). Let w(m) = -m + 3. Calculate w(k).
-3
Let o(l) = -l**3 + l + 5. Let i(u) be the second derivative of u**5/20 + 3*u**4/4 - 5*u**3/3 + 6*u. Let v be i(-10). Determine o(v).
5
Suppose -4*g = -0*m + m - 9, -4*g + 4*m + 24 = 0. Suppose 3*h + 5 - 9 = -n, -n = -g*h + 2. Let r(o) = -5*o**3 - o**2 - 3 + 2 - o + 2*o. What is r(h)?
-6
Let o(t) = -5*t**2 - 5*t - 6. Let r(u) = 12*u**2 - 130*u - 23. Let i be r(11). What is o(i)?
-6
Let c(r) = -r - 1. Suppose -4*u = -12 - 56. Let a(s) = -s**3 - 18*s - 113*s**2 - u + 129*s**2 - 3 + 2*s**3. Let g be a(-17). Determine c(g).
2
Let j(d) be the third derivative of d**6/120 - d**5/10 + d**4/8 - 7*d**3/6 + 26*d**2 + 4. What is j(6)?
11
Suppose q + d = -11, 4*q + 46*d - 51*d = -17. Let u(s) = 3*s + 4. What is u(q)?
-20
Let z(l) = l**2 + 6*l. Let s be z(-6). Let m(g) = -2 - 13*g + s + 1. Give m(-1).
12
Let k = 91 + -78. Suppose h - 3*g - k = g, 5*g = 3*h - 18. Let n(d) = 2*d**3 - 2*d**2 + 2*d - 1. What is n(h)?
1
Let f(l) = 4*l - 2. Let t(o) = -o**2 - 15*o + 11. Let b be t(-14). Let c be (b/(-15) - -2)*-12. Determine f(c).
-18
Let w(t) = t**2 + 7*t - 49. Let l = -77 + 66. Let k be w(l). Let n(m) = -2*m**2 - 4*m + 7. Determine n(k).
-23
Suppose 15*g - 61 = -31. Suppose 3*s = 7 + 2. Let x(k) = s*k**3 + 0*k**3 + 5 - 6*k**g - 4 - 2*k**3 + 3*k. Give x(5).
-9
Let l(p) = -p**3 - 7*p**2 - 12*p - 3. Let x be l(-3). Let h(r) = 10*r + 2. Determine h(x).
-28
Let l = -9 + 15. Let j(w) be the third derivative of -w**6/120 + 7*w**5/60 - 7*w**4/24 + w**3/3 + 68*w**2. Calculate j(l).
-4
Suppose 4*i + 3*d = -28, 2*d = -27 + 19. Let j(w) = 2*w**2 + 10*w + 1. Let t(o) = o + 1. Let l(b) = -j(b) + 6*t(b). Determine l(i).
-11
Let t(h) = 9*h - 9. Let s(l) = 5*l - 5. Let j(o) = -7*s(o) + 4*t(o). Suppose -24*i + 26*i = 0. What is j(i)?
-1
Let x = -26 - -27. Suppose 5*j - x = -6. Let s(q) be the third derivative of -q**6/20 + q**5/60 - q**3/6 - q**2. Determine s(j).
6
Let u(k) be the second derivative of -3*k**5/20 - k**4/12 + k**3/6 + k**2 - 18*k. Suppose t = 133 - 131. Give u(t).
-24
Suppose -115*z = -91*z - 168. Let g(j) = -j**3 + 8*j**2 - 6*j + 4. Determine g(z).
11
Let z be -10 - 3/(3/(-2)). Let s(r) be the third derivative of -r**6/120 - 3*r**5/20 - 3*r**4/8 - 2*r**3 - 31*r**2. Calculate s(z).
-4
Let s(a) be the third derivative of -a**5/60 + a**4/24 + 29*a**3/6 + 47*a**2. Give s(0).
29
Let k(w) be the third derivative of w**6/360 - w**5/40 + w**4/8 + 13*w**3/6 - 24*w**2. Let u(d) be the first derivative of k(d). Give u(4).
7
Let i(n) = -n - 5*n + 14 + 7*n - 16. What is i(-3)?
-5
Let q(m) = -9 - m + 28 + 21 - 9 + 5*m. Calculate q(-6).
7
Let m(a) = a**2 + 5*a - 18. Let p = -1098 + 1101. Give m(p).
6
Let j(p) = p + 2. Let a(t) = -t**2 - 18*t - 8. Let n(b) = a(b) + 5*j(b). Calculate n(-13).
2
Let x(y) be the second derivative of y**6/360 - y**5/15 + 5*y**4/24 - 37*y**3/6 - 17*y. Let h(o) be the second derivative of x(o). Give h(5).
-10
Suppose -50*y + 45*y = -40. Let o(n) be the second derivative of -5/3*n**3 + 9/2*n**2 + 1/12*n**4 + 0 + y*n. What is o(6)?
-15
Let o(l) be the third derivative of -2/15*l**5 + 1/6*l**3 - 15*l**2 + 0*l - 3/8*l**4 + 1/120*l**6 + 0. Give o(9).
1
Suppose -4*b + 2 - 10 = 2*p, -5*p = -4*b - 22. Let w(n) = -6*n + 23*n**p - 6*n**2 - 19*n**2. Determine w(-4).
-8
Let z(i) be the second derivative of i**6/120 - i**5/15 - 7*i**4/24 + i**3 + 7*i**2/2 + 29*i. Let u(x) be the first derivative of z(x). Determine u(5).
-4
Let d(k) = 3*k**2 + 2*k - 16. Let v(c) = 6*c**2 + 3*c - 27. Let b(h) = 5*d(h) - 3*v(h). What is b(-2